{"id":6,"date":"2015-03-19T18:39:22","date_gmt":"2015-03-19T18:39:22","guid":{"rendered":"https:\/\/\/enegren.fi\/swedish\/?page_id=6"},"modified":"2024-06-09T17:38:15","modified_gmt":"2024-06-09T17:38:15","slug":"om-byran","status":"publish","type":"page","link":"https:\/\/www.enegren.fi\/swedish\/","title":{"rendered":"Om byr\u00e5n"},"content":{"rendered":"<div class=\"col-sm-4\">\n<figure class=\"featimg1\"><img decoding=\"async\" class=\"img-responsive\" src=\"https:\/\/www.enegren.fi\/swedish\/wp-content\/uploads\/sites\/3\/2023\/01\/office-pic1.jpg\" alt=\"Office\" \/><\/figure>\n<\/div>\n<div class=\"col-sm-8\">\n<h3>Varje dag inser hundratals finl\u00e4ndare att de beh\u00f6ver hj\u00e4lp av en jurist. Den h\u00e4r byr\u00e5n riktar sig till vanliga m\u00e4nniskor med juridiska problem. Du f\u00e5r begripliga svar p\u00e5 dina fr\u00e5gor. Du har snabbt n\u00f6dv\u00e4ndiga dokument i din hand.<\/h3>\n<p class=\"lead\">Min byr\u00e5 \u00e4r inriktad p\u00e5 juridisk r\u00e5dgivning bland annat inom familje- och arvsr\u00e4tt. Jag sk\u00f6ter ocks\u00e5 r\u00e4tteg\u00e5ngar.<\/p>\n<p>F\u00f6r att sk\u00f6ta klienternas \u00e4renden framg\u00e5ngsrikt anser jag att det inte r\u00e4cker med gediget juridiskt kunnande. Det beh\u00f6vs ocks\u00e5 livserfarenhet och sunt f\u00f6rnuft.<\/p>\n<p>Jannika Enegren<br \/>\nViceh\u00e4radsh\u00f6vding, auktoriserad jurist<\/p>\n<\/div>\n<p>&nbsp;<\/p>\n<p><span lang=\"FI\" style=\"font-size:15px;color:#2d6c8c;font-family: Georgia, Palatino, 'Palatino Linotype', Times, 'Times New Roman', serif;\"><strong>S\u00f6kte du mina naturfoton? Dem finner du <\/strong> <a style=\"font-size:15px;color:#2d6c8c;font-family: Georgia, Palatino, 'Palatino Linotype', Times, 'Times New Roman', serif;\" href=\"https:\/\/enegren.kuvat.fi\">h\u00e4r<\/a><\/span><\/p>\n","protected":false},"excerpt":{"rendered":"<p>Varje dag inser hundratals finl\u00e4ndare att de beh\u00f6ver hj\u00e4lp av en jurist. Den h\u00e4r byr\u00e5n riktar sig till vanliga m\u00e4nniskor med juridiska problem. Du f\u00e5r begripliga svar p\u00e5 dina fr\u00e5gor. Du har snabbt n\u00f6dv\u00e4ndiga dokument i din hand. Min byr\u00e5 \u00e4r inriktad p\u00e5 juridisk r\u00e5dgivning bland annat inom familje- och arvsr\u00e4tt. Jag sk\u00f6ter ocks\u00e5 r\u00e4tteg\u00e5ngar&#8230;.  <a href=\"https:\/\/www.enegren.fi\/swedish\/\" class=\"more-link\" title=\"Read Om byr\u00e5n\">Read more &raquo;<\/a><\/p>\n","protected":false},"author":1,"featured_media":0,"parent":0,"menu_order":0,"comment_status":"closed","ping_status":"closed","template":"","meta":{"footnotes":""},"class_list":["post-6","page","type-page","status-publish","hentry"],"_links":{"self":[{"href":"https:\/\/www.enegren.fi\/swedish\/wp-json\/wp\/v2\/pages\/6","targetHints":{"allow":["GET"]}}],"collection":[{"href":"https:\/\/www.enegren.fi\/swedish\/wp-json\/wp\/v2\/pages"}],"about":[{"href":"https:\/\/www.enegren.fi\/swedish\/wp-json\/wp\/v2\/types\/page"}],"author":[{"embeddable":true,"href":"https:\/\/www.enegren.fi\/swedish\/wp-json\/wp\/v2\/users\/1"}],"replies":[{"embeddable":true,"href":"https:\/\/www.enegren.fi\/swedish\/wp-json\/wp\/v2\/comments?post=6"}],"version-history":[{"count":5,"href":"https:\/\/www.enegren.fi\/swedish\/wp-json\/wp\/v2\/pages\/6\/revisions"}],"predecessor-version":[{"id":64,"href":"https:\/\/www.enegren.fi\/swedish\/wp-json\/wp\/v2\/pages\/6\/revisions\/64"}],"wp:attachment":[{"href":"https:\/\/www.enegren.fi\/swedish\/wp-json\/wp\/v2\/media?parent=6"}],"curies":[{"name":"wp","href":"https:\/\/api.w.org\/{rel}","templated":true}]}}